ue
Is 1465633 a composite number?
True
Is 31879461 a prime number?
False
Is 20256013 composite?
True
Is 318557831 a prime number?
True
Is 333509851 composite?
False
Is 81939073 composite?
True
Is 3135547 a composite number?
False
Is 1589971 a composite number?
True
Is 61837411 a composite number?
False
Is 9893719 prime?
False
Is 11160241 a composite number?
True
Is 148320863 composite?
True
Is 5442761 a composite number?
True
Is 79600211 prime?
True
Is 4790683 composite?
True
Is 442529 composite?
True
Is 616069 composite?
False
Is 135602162 a prime number?
False
Is 17556727 a prime number?
False
Is 200467651 prime?
False
Is 106052021 composite?
True
Is 1266583 prime?
True
Is 153813457 a prime number?
False
Is 1609969 a composite number?
False
Is 335903203 composite?
False
Is 80626783 a composite number?
True
Is 142363735 a composite number?
True
Is 4931389 a prime number?
True
Is 1786021 prime?
True
Is 41126 composite?
True
Is 1388207 composite?
True
Is 11184254 a prime number?
False
Is 3273771 prime?
False
Is 166607711 a composite number?
True
Is 7442819 a composite number?
True
Is 145149833 a composite number?
True
Is 40982653 prime?
True
Is 54366635 composite?
True
Is 91787 composite?
True
Is 132504971 a prime number?
False
Is 10159207 composite?
False
Is 8223889 prime?
False
Is 1045943 prime?
False
Is 313843 a prime number?
False
Is 11254079 a prime number?
False
Is 10921483 composite?
True
Is 36321151 prime?
True
Is 1608161 prime?
False
Is 103246037 a prime number?
True
Is 72984099 composite?
True
Is 18329902 a composite number?
True
Is 49406933 a composite number?
False
Is 174320981 prime?
False
Is 2258387 a composite number?
False
Is 46596731 prime?
True
Is 15263887 prime?
True
Is 35636273 composite?
True
Is 97459127 a prime number?
True
Is 789634 a composite number?
True
Is 1553845349 a composite number?
True
Is 49036465 composite?
True
Is 399907217 a composite number?
True
Is 1430027 prime?
True
Is 4113119 prime?
True
Is 61861841 a prime number?
True
Is 539787241 prime?
False
Is 31278337 a prime number?
True
Is 32648071 a prime number?
True
Is 19893749 prime?
True
Is 2684689 a composite number?
True
Is 542899 composite?
True
Is 25465459 composite?
False
Is 40243543 a composite number?
False
Is 2068669 prime?
False
Is 9043383 prime?
False
Is 2428313 composite?
False
Is 31525201 a prime number?
True
Is 20932897 prime?
False
Is 61801097 prime?
False
Is 849469 a prime number?
False
Is 18704395 a composite number?
True
Is 7900619 composite?
True
Is 60510491 prime?
False
Is 191989 a prime number?
False
Is 506189 a composite number?
True
Is 20819683 prime?
True
Is 116990597 a prime number?
True
Is 10181033 prime?
True
Is 275110757 prime?
False
Is 418058677 a composite number?
False
Is 32439035 a prime number?
False
Is 57252682 prime?
False
Is 25857283 a prime number?
True
Is 165401681 a composite number?
False
Is 36992317 a prime number?
True
Is 39947821 a composite number?
True
Is 3021547 composite?
True
Is 564392483 composite?
False
Is 3488741 a composite number?
False
Is 20526949 a composite number?
False
Is 8321609 a composite number?
True
Is 60310361 prime?
True
Is 4534177 prime?
True
Is 3803419 a prime number?
True
Is 32257223 a composite number?
False
Is 24547087 a composite number?
False
Is 38113109 composite?
False
Is 5886343 a prime number?
False
Is 79204143 composite?
True
Is 121652917 a composite number?
False
Is 11994103 a composite number?
True
Is 690396761 prime?
True
Is 2939059 composite?
False
Is 43253641 a prime number?
True
Is 61417537 prime?
True
Is 6597499 a prime number?
True
Is 372417 a composite number?
True
Is 29115399 a prime number?
False
Is 168713801 composite?
False
Is 33440609 composite?
True
Is 6289021 a prime number?
True
Is 14461 a composite number?
False
Is 59174578 prime?
False
Is 35190047 prime?
True
Is 27812207 a composite number?
True
Is 13871309 a composite number?
True
Is 160431949 a prime number?
False
Is 1538897 prime?
False
Is 42483161 composite?
True
Is 1120499 prime?
True
Is 368651923 a composite number?
False
Is 169997119 a composite number?
False
Is 404784359 prime?
False
Is 6904973 composite?
False
Is 1956413 a composite number?
True
Is 23545259 a prime number?
True
Is 8840749 a prime number?
True
Is 17295259 a prime number?
True
Is 6553903 composite?
False
Is 37676513 prime?
False
Is 84457753 prime?
True
Is 12813874 a composite number?
True
Is 10017613 composite?
False
Is 154358453 composite?
True
Is 443939 prime?
True
Is 100133459 composite?
False
Is 36834503 a composite number?
True
Is 260955111 composite?
True
Is 1649059 prime?
True
Is 1992227 a composite number?
False
Is 32081 composite?
True
Is 31530943 prime?
True
Is 10826953 a prime number?
True
Is 7016245 a composite number?
True
Is 1939849 a composite number?
True
Is 114628547 prime?
False
Is 286832137 prime?
False
Is 1076557 a composite number?
False
Is 7803907 prime?
True
Is 156419 a composite number?
False
Is 673559533 a composite number?
True
Is 989500049 composite?
False
Is 9438063 a composite number?
True
Is 196120909 a composite number?
False
Is 10088791 composite?
True
Is 62628707 a composite number?
True
Is 1468220873 composite?
True
Is 101103941 prime?
True
Is 3730367 a prime number?
True
Is 654209 a composite number?
False
Is 3603829 a composite number?
False
Is 148169597 a prime number?
False
Is 44025081 prime?
False
Is 102793 composite?
False
Is 3147107 prime?
False
Is 98339399 composite?
False
Is 7388751 a prime number?
False
Is 819931 prime?
False
Is 22083249 a composite number?
True
Is 6869437 a composite number?
False
Is 1884463 a composite number?
True
Is 6245455 composite?
True
Is 3901589 composite?
False
Is 32228453 composite?
False
Is 25066763 a prime number?
False
Is 235721219 a prime number?
True
Is 131357 prime?
True
Is 618227921 a composite number?
False
Is 9757151 a composite number?
True
Is 22877817 a composite number?
True
Is 80037271 composite?
False
Is 53260453 composite?
False
Is 3783041 a composite number?
False
Is 2134711 a composite number?
True
Is 1746637 a prime number?
True
Is 44990403 a prime number?
False
Is 426001 a composite number?
True
Is 235860409 a prime number?
True
Is 29150873 composite?
False
Is 6996679 a composite number?
False
Is 10385831 a composite number?
False
Is 218842523 a composite number?
True
Is 2526353 prime?
False
Is 242419 prime?
True
Is 36124819 a prime number?
False
Is 3316843 prime?
True
Is 6631439 a composite number?
True
Is 3956917 a composite number?
False
Is 237231331 a prime number?
True
Is 364541995 prime?
False
Is 56950171 a prime number?
False
Is 104815813 a composite number?
True
Is 2595113 prime?
False
Is 31450997 prime?
True
Is 7085339 composite?
False
Is 29941249 a prime number?
False
Is 123594761 a prime number?
True
Is 49571413 a prime number?
True
Is 95102167 composite?
False
Is 162521857 composite?
False
Is 789307 composite?
True
Is 50453353 composite?
False
Is 168557573 a composite number?
False
Is 284896237 a prime number?
False
Is 39129071 prime?
True
Is 67877863 composite?
False
Is 212636171 prime?
False
Is 463579 a composite number?
False
Is 282001691 a composite number?
True
Is 1927281 a composite number?
True
Is 18816653 a composite number?
True
Is 233380687 composite?
False
Is 3549893 prime?
False
Is 36637847 composite?
True
Is 2782907 a composite number?
True
Is 533213 a prime number?
True
Is 190689482 a prime number?
False
Is 30487309 prime?
True
Is 901729 prime?
False
Is 40492383 a composite number?
True
Is 256294 prime?
False
Is 297829027 a composite number?
True
Is 774271 prime?
False
Is 1052401 prime?
False
Is 1721123 composite?
False
Is 38047783 a prime number?
True
Is 27146417 a prime number?
False
Is 41709073 a composite number?
True
Is 1614859 prime?
True
Is 8026027 a composite number?
False
Is 201393947 a composite number?
False
Is 29851297 prime?
False
Is 13158961 a prime number?
True
Is 1233683 a prime number?
False
Is 195737523 composite?
True
Is 7068287 composite?
False
Is 9431183 composite?
True
Is 86810299 prime?
False
Is 76592771 a composite number?
False
Is 45626377 composite?
False
Is 51556711 a prime number?
False
Is 24904151 prime?
False
Is 447195157 a prime number?
True
Is 1128401 a prime number?
False
Is 4167785 compos